 when u is divided by k?
8
Let c = 14 + -9. Let s = -11 + 21. Suppose 4*q - 2 = s. What is the remainder when c is divided by q?
2
Let s = 9 - 6. Suppose -5*f + s*p = -60, -3*f + 6*p - p = -20. What is the remainder when 28 is divided by f?
13
What is the remainder when 18 is divided by (-4 + 2)*((-4)/(-8) - 3)?
3
Suppose -4*z + 4*f - 14 = 14, -7 = z - 3*f. Suppose n + 4 = 5*n. Calculate the remainder when (2/z)/(-1)*7 is divided by n.
0
Suppose 2*b - 25 - 1 = 0. Suppose 0*q - 5*q + 125 = 0. What is the remainder when q is divided by b?
12
Let s(o) = -o + 14. What is the remainder when 44 is divided by s(5)?
8
Let f be (2 + -3)/((-3)/15). Suppose 5*h - 5 = -f*j, -2*h - h = 6. Calculate the remainder when 11 is divided by j.
2
Let k = 32 + -9. What is the remainder when k is divided by 8?
7
Let k(b) = -b**2 + 16*b - 6. What is the remainder when k(12) is divided by 22?
20
Let a(v) = 2*v**3 - 6*v**2 - 8*v + 11. What is the remainder when a(5) is divided by 24?
23
Let f = 6 - 6. Suppose -3 = -l - f. What is the remainder when 6 is divided by l?
0
Suppose 4*j - 136 = 3*g, 5*j + 2*g = 4*g + 163. Calculate the remainder when j is divided by 11.
9
Suppose -2*h + 10 = 0, 0*m + 3*h - 11 = 2*m. Let z(w) = -5*w + 81. What is the remainder when z(15) is divided by m?
0
Suppose -3*o = -b + 23, -21 + 108 = 5*b - o. What is the remainder when 50 is divided by b?
16
Let z(l) = 2*l - 20. What is the remainder when 23 is divided by z(14)?
7
Suppose -7*z + 5*z = -68. Let s = -12 + 47. Let d = s - 17. What is the remainder when z is divided by d?
16
Let b = -52 - -71. Let t(n) = 5*n**2 + 2*n - 3. What is the remainder when t(-3) is divided by b?
17
Suppose -94 = 29*l - 326. Let a(r) = -r + 2. Calculate the remainder when l is divided by a(-3).
3
Suppose -2*g + 3*d + 1 = 0, 5*g + 2*d - 8 = 2*g. Suppose 4*z + 2*c = -z + 71, -g*c - 59 = -5*z. Calculate the remainder when z is divided by 7.
6
Let a = 5 + -5. Suppose a = -5*c + 271 + 154. Calculate the remainder when c is divided by 29.
27
Let v = -15 - -46. Suppose -v = -5*a + 39. Let c = 18 + -13. Calculate the remainder when a is divided by c.
4
Suppose 39 = 7*j - 234. Calculate the remainder when 76 is divided by j.
37
Let d(v) = v**2 - 11*v - 18. Let l be d(13). Let s = 10 - l. Suppose 0 = s*w - b - 26, 0 = 4*b + 5 + 3. Calculate the remainder when 45 is divided by w.
9
Suppose -s - 7*u = -4*u - 11, -11 = -s - 5*u. Calculate the remainder when 62 is divided by s.
7
Suppose i - 20 = -z, -2*i = -4*i - z + 35. Calculate the remainder when 58/((-8 - -2)/(-3)) is divided by i.
14
What is the remainder when (1045/10)/(2 + 6/(-4)) is divided by 42?
41
Suppose -4*l + 12 = -20. Calculate the remainder when 15 is divided by l.
7
Let k be (3/(-4))/((-12)/32). Suppose -d = w - 12, w + k*w - 58 = -5*d. Calculate the remainder when d is divided by 3.
2
Let p be (-2 + 2)*(-1)/(-3). Let g = p + 8. Suppose -4*a + 3*m = -53, -3 = -3*m - 0. Calculate the remainder when a is divided by g.
6
Let z(u) = 6*u**3 - u - 3. Let y be z(3). Suppose 0 = 5*q - y + 31. Let l = -9 - -18. Calculate the remainder when q is divided by l.
7
Calculate the remainder when 54 is divided by (2/6)/((5/84)/5).
26
Suppose 0*n - 277 = -2*q - 5*n, -4*n + 137 = q. Let s = q - 25. Suppose -2*x + 6*x - s = 0. What is the remainder when x is divided by 10?
9
Let b be 40/56 - (-4)/14. Let l = 12 - b. What is the remainder when 41 is divided by l?
8
Let g(s) = -4*s - 1. Suppose f + 17 = -4*b, 0*f - 2*b = 4*f + 40. What is the remainder when g(f) is divided by 12?
11
Suppose 3*f = 26 + 25. Calculate the remainder when 99 is divided by f.
14
Let n = -20 - -22. Suppose -12 = -0*m - n*m. Calculate the remainder when 23 is divided by m.
5
Suppose -5*v + 2*v = -3*i - 12, -5*v + 8 = i. Suppose 3*f - 7 = -f - p, 0 = -v*f + p + 11. What is the remainder when 4 is divided by f?
1
Let v(m) = -m**3 - 7*m**2 + m + 8. Let u be v(-7). Let s be ((-1 - -5) + u)*-3. Calculate the remainder when 19 is divided by (-4)/(-3*(-2)/s).
9
Calculate the remainder when 44 is divided by 0 + 1 + 264/12.
21
Let j(d) = -d**3 - d - 10. Let i be j(0). Let r = 3 - i. Calculate the remainder when r is divided by 7.
6
Let t(m) = 10*m - 15. What is the remainder when t(9) is divided by 26?
23
Suppose 5*d = 3*r - 142, -2*d = -2*r + 44 + 12. Let s = -15 - d. What is the remainder when 40 is divided by s?
12
Let p(l) = -5*l - 2. Let f be p(4). What is the remainder when 3/(-3) - 3*f is divided by 17?
14
Let c(w) = w + 23. Let v = 12 + -5. Suppose -3*f + v + 5 = 0. Calculate the remainder when c(-12) is divided by f.
3
Let u be (52/10 + 0)*5. Suppose -3*r - 3*s = -2*s - u, 0 = 2*r + 5*s - 39. Let i = r + 3. What is the remainder when i is divided by 4?
2
Let p be 1/(-1)*(14 - 1). Let n = -3 + 21. Let o = n + p. What is the remainder when 13 is divided by o?
3
Let a be 0/(3 + -1 - 3). Suppose c - 3*w - 21 = a, -4*w - 29 = -3*c + 9. What is the remainder when 21 is divided by c?
3
Suppose 3*t = 5*d + 4*t - 215, 190 = 5*d - 4*t. Let q = 12 - 7. Suppose q*p = 45 + 10. What is the remainder when d is divided by p?
9
Let n(k) = -2*k + 17. What is the remainder when 3 is divided by n(8)?
0
Suppose -4*d - 2*a = -3*d - 21, 5*d - 113 = -2*a. What is the remainder when d is divided by 13?
10
Let p(d) = 9*d**2 - d + 1. Let y(v) = -v**3 - 11*v**2 - 5*v + 11. Let t be y(-11). Let z = -40 + t. What is the remainder when z is divided by p(1)?
8
Let r = -43 - -81. What is the remainder when r is divided by 14?
10
Let j = -17 + 12. Let g = 13 + j. Let r = -44 - -67. What is the remainder when r is divided by g?
7
Let j(l) = -4*l + 1. Let k = 0 + 2. Suppose -a - 2*q = 13, 19 = -3*a - k*q - 0. Calculate the remainder when j(a) is divided by 5.
3
Suppose 0 = 2*r + 3*h - 237, -r + 464 = 3*r - 4*h. Suppose 0*x - 3*x = -r. Calculate the remainder when x is divided by 14.
11
Suppose 0 = -k - 0*k - 8. Let v = k - -22. Suppose 3*l - 22 = 56. Calculate the remainder when l is divided by v.
12
Let z(t) = t**2 + 6*t + 5. Let q be z(-6). Suppose q*j = -4*o + 48, -o - 15 = 4*o. What is the remainder when 4/(-16) - 137/(-4) is divided by j?
10
Let k(x) = 16*x - 68. Calculate the remainder when 104 is divided by k(6).
20
Let q(v) = 5*v + 46. Let k = 4 - 2. Calculate the remainder when k is divided by q(-9).
0
Let z(s) = 19*s - 1. What is the remainder when z(1) is divided by 5?
3
Let p = 10 - 7. Suppose -2*d + 91 = p*k, 0 = 5*d - 5*k + 13 - 228. What is the remainder when d is divided by (10/4)/((-3)/(-18))?
14
Suppose -5*m + 5*c + 12 = -53, 5*m + c - 59 = 0. Let t(d) = -d**3 + 4*d**2 + 7*d - 6. What is the remainder when t(4) is divided by m?
10
Suppose 0*g + 4*g + 2*s = 424, 105 = g + s. What is the remainder when g is divided by 36?
35
Suppose -4*y - 3 = 1, -26 = -4*v + 2*y. Suppose 3*c + 48 = v*c. Calculate the remainder when 30 is divided by c.
14
Let y be 132/18 - 4/(-6). Suppose -2 = -2*q + y. Suppose -2*b - 5 = q*h - 22, 2 = 2*h - 4*b. What is the remainder when 3 is divided by h?
0
Suppose 4*m + 9 = 1. What is the remainder when 56 is divided by (-150)/(-8) + m/(-8)?
18
Let c = -2 - -20. Suppose -5*s = -48 + c. What is the remainder when 22 is divided by s?
4
Let k(x) = x + 12. Let c be k(-7). Suppose 3*q = -c - 4. What is the remainder when 20 is divided by ((-4)/3 + -1)*q?
6
Suppose 103 - 18 = 5*b. Let k = 4 + 29. Calculate the remainder when k is divided by b.
16
Suppose -5*t = -3*t. Suppose -n + 5 = -t*n. Let v = -9 + 12. Calculate the remainder when n is divided by v.
2
Let s(a) be the first derivative of a**3/3 + 4*a**2 - 16*a - 1. Calculate the remainder when s(-17) is divided by 35.
32
What is the remainder when (-56)/(-2) + (1 - 0) is divided by 13 + -1 - 96/24?
5
Let b = 70 + -19. Suppose -4*h = -5*w + 72, 5*w = -4*h + h + b. What is the remainder when 47 is divided by w?
11
Let i = -8 - -13. Let b = -36 + 50. Calculate the remainder when b is divided by i.
4
Let i(c) = c + 8. Let k be i(-4). Suppose 84 = 5*v + k. Calculate the remainder when 63 is divided by v.
15
Let v(p) = p**3 + 2*p - 3. Let m = 2 - 2. Let q = 26 + m. Calculate the remainder when q is divided by v(2).
8
Let b = 6 + -6. Suppose b*w + 40 = 2*w + 2*l, -2*w = -l - 43. Suppose 2*d - 54 = -3*k - k, 2*d + 1 = k. Calculate the remainder when w is divide